{"id":9,"date":"2011-10-20T14:21:10","date_gmt":"2011-10-20T12:21:10","guid":{"rendered":"http:\/\/www.leshautesardennes.be\/sah\/?page_id=9"},"modified":"2011-12-19T16:16:34","modified_gmt":"2011-12-19T14:16:34","slug":"accompagnements","status":"publish","type":"page","link":"https:\/\/www.leshautesardennes.be\/sah\/accompagnements\/","title":{"rendered":"Accompagnements"},"content":{"rendered":"<p>Les services propos\u00e9s par l\u2019ensemble des structures s\u2019expriment notamment par :<\/p>\n<ul>\n<li><strong>Un accompagnement \u00e9ducatif<\/strong>, c\u2019est-\u00e0-dire la participation d\u2019une \u00e9quipe,\n<ul>\n<li>aux travers d\u2019activit\u00e9s encadr\u00e9es,<\/li>\n<li>au bien-\u00eatre de chacun,<\/li>\n<li>au d\u00e9veloppement des capacit\u00e9s de socialisation, d&rsquo;autonomie, d&rsquo;int\u00e9gration,<\/li>\n<li>et \u00e0 la recherche d\u2019un \u00e9panouissement,<\/li>\n<\/ul>\n<p>le tout dans un contexte de collectivit\u00e9.<\/li>\n<li><strong>Un accompagnement social, <\/strong>c\u2019est-\u00e0-dire\n<ul>\n<li>le souci d\u2019\u00e9tablir entre les personnes accueillies, leur famille, et l\u2019institution, des relations saines et vraies, favorisant le bien-\u00eatre psychologique et l\u2019\u00e9panouissement des personnes et de leur famille,<\/li>\n<li>la volont\u00e9 d\u2019\u00eatre l\u2019interface entre les personnes accueillies\n<ul>\n<li>et leur repr\u00e9sentant l\u00e9gal,<\/li>\n<li>et les administrations publiques.<\/li>\n<\/ul>\n<\/li>\n<\/ul>\n<p>&nbsp;<\/li>\n<li><strong>Un accompagnement psychologique, <\/strong>c\u2019est-\u00e0-dire\n<ul>\n<li>des interventions permettant de favoriser un bien-\u00eatre psychologique\n<ul>\n<li>par des interventions directes aupr\u00e8s des personnes accueillies,<\/li>\n<li>par un partenariat avec des professionnels de la sant\u00e9 mentale.<\/li>\n<\/ul>\n<\/li>\n<li>un travail de fond avec les \u00e9quipes d\u2019encadrement afin de comprendre les diff\u00e9rents aspects du \u2018fonctionnement psychique\u2019 des personnes, dans le but d\u2019adapter les interventions,<\/li>\n<li>le souci des relations avec les familles (en collaboration avec le service social),<\/li>\n<li>le souci des dynamiques institutionnelles, de l\u2019accompagnement des \u00e9quipes notamment dans les moments les plus complexes (situations et \u00e9v\u00e9nements complexes, deuils, \u2026).<\/li>\n<\/ul>\n<\/li>\n<p>&nbsp;<\/p>\n<li><strong>Un accompagnement m\u00e9dical,<\/strong> c\u2019est-\u00e0-dire une vigilance permanente \u00e0 la sant\u00e9 physique des personnes,\n<ul>\n<li>par une observation m\u00e9dicale en collaboration avec les encadrants proches,<\/li>\n<li>par la pratique de gestes et\/ou actes m\u00e9dicaux quotidiens,<\/li>\n<li>par le suivi des dossiers m\u00e9dicaux et plans de soins individualis\u00e9s,<\/li>\n<li>par l\u2019accompagnement des personnes chez les m\u00e9decins sp\u00e9cialis\u00e9s,<\/li>\n<li>par le suivi des hospitalisations et l\u2019\u00e9change d\u2019informations avec les familles,<\/li>\n<li>par l\u2019information des personnes quant \u00e0 leur sant\u00e9 physique.<\/li>\n<\/ul>\n<\/li>\n<p>le tout en \u00e9tant attentif au secret m\u00e9dical mais aussi \u00e0 la n\u00e9cessaire information des encadrants quant aux pr\u00e9cautions et soins \u00e0 porter aux personnes.<\/p>\n<li><strong>Un accompagnement \u00e0 la mobilit\u00e9 :<\/strong> L\u2019organisation a dans ses missions le soutien \u00e0 la mobilit\u00e9 des personnes. Il se traduit par :\n<ul>\n<li>la prise en charge des trajets pour des besoins personnels (coiffeur, m\u00e9decins, activit\u00e9s individuelles, \u2026),<\/li>\n<li>les transports entre les diff\u00e9rents sites, ou vers les lieux d\u2019activit\u00e9s ext\u00e9rieures (piscine, man\u00e8ge, \u2026),<\/li>\n<li>les trajets du matin et du soir pour les b\u00e9n\u00e9ficiaires de l\u2019agr\u00e9ment SAJA,<\/li>\n<li>un partenariat avec \u2018M\u00e9dic-assistance\u2019 pour certains trajets de b\u00e9n\u00e9ficiaires de l\u2019agr\u00e9ment SAJA,<\/li>\n<li>l\u2019acquisition et l\u2019usage de v\u00e9hicules, \u00e0 savoir un car 36 places, 5 petits bus  8+1 places, un camion 5 places pour les activit\u00e9s Rangers, et deux voitures.<\/li>\n<\/ul>\n<\/li>\n<\/ul>\n","protected":false},"excerpt":{"rendered":"<p>Les services propos\u00e9s par l\u2019ensemble des structures s\u2019expriment notamment par : Un accompagnement \u00e9ducatif, c\u2019est-\u00e0-dire la participation d\u2019une \u00e9quipe, aux travers d\u2019activit\u00e9s encadr\u00e9es, au bien-\u00eatre de chacun, au d\u00e9veloppement des capacit\u00e9s de socialisation, d&rsquo;autonomie, d&rsquo;int\u00e9gration, et \u00e0 la recherche d\u2019un &hellip; <a href=\"https:\/\/www.leshautesardennes.be\/sah\/accompagnements\/\">Continuer la lecture <span class=\"meta-nav\">&rarr;<\/span><\/a><\/p>\n","protected":false},"author":4,"featured_media":105,"parent":0,"menu_order":0,"comment_status":"open","ping_status":"open","template":"","meta":{"_acf_changed":false,"footnotes":""},"class_list":["post-9","page","type-page","status-publish","has-post-thumbnail","hentry"],"acf":[],"_links":{"self":[{"href":"https:\/\/www.leshautesardennes.be\/sah\/wp-json\/wp\/v2\/pages\/9","targetHints":{"allow":["GET"]}}],"collection":[{"href":"https:\/\/www.leshautesardennes.be\/sah\/wp-json\/wp\/v2\/pages"}],"about":[{"href":"https:\/\/www.leshautesardennes.be\/sah\/wp-json\/wp\/v2\/types\/page"}],"author":[{"embeddable":true,"href":"https:\/\/www.leshautesardennes.be\/sah\/wp-json\/wp\/v2\/users\/4"}],"replies":[{"embeddable":true,"href":"https:\/\/www.leshautesardennes.be\/sah\/wp-json\/wp\/v2\/comments?post=9"}],"version-history":[{"count":18,"href":"https:\/\/www.leshautesardennes.be\/sah\/wp-json\/wp\/v2\/pages\/9\/revisions"}],"predecessor-version":[{"id":1588,"href":"https:\/\/www.leshautesardennes.be\/sah\/wp-json\/wp\/v2\/pages\/9\/revisions\/1588"}],"wp:featuredmedia":[{"embeddable":true,"href":"https:\/\/www.leshautesardennes.be\/sah\/wp-json\/wp\/v2\/media\/105"}],"wp:attachment":[{"href":"https:\/\/www.leshautesardennes.be\/sah\/wp-json\/wp\/v2\/media?parent=9"}],"curies":[{"name":"wp","href":"https:\/\/api.w.org\/{rel}","templated":true}]}}