{"id":56,"date":"2011-10-20T15:46:00","date_gmt":"2011-10-20T13:46:00","guid":{"rendered":"http:\/\/www.leshautesardennes.be\/sah\/?page_id=56"},"modified":"2011-11-01T16:37:07","modified_gmt":"2011-11-01T14:37:07","slug":"le-court-sejour","status":"publish","type":"page","link":"https:\/\/www.leshautesardennes.be\/sah\/hebergements\/en-institution\/clos-des-aubepines\/le-court-sejour\/","title":{"rendered":"Le court s\u00e9jour"},"content":{"rendered":"<p>Le Service est agr\u00e9\u00e9 pour une prise en charge en court-s\u00e9jour (365 jours d\u2019accueil au total pour l\u2019ensemble des nuits \u2018courts s\u00e9jours\u2019). Il s\u2019agit d\u2019une prise en charge de courte dur\u00e9e durant laquelle le service procure \u00e0 cette personne un accompagnement \u00e9ducatif, psychologique, social adapt\u00e9 \u00e0 ses besoins. Cette formule  permet aux familles de disposer d\u2019un h\u00e9bergement, afin de s\u2019absenter, de souffler pendant quelques jours, ou encore quand des situations familiales particuli\u00e8res imposent soudainement un placement. Cependant chaque demande doit \u00eatre analys\u00e9e au pr\u00e9alable et faire l\u2019objet d\u2019un accord de notre organisation. En effet nous devons pour chaque demande examiner si une chambre est disponible, si nous serons en mesure d\u2019accueillir la personne en lui offrant un encadrement de qualit\u00e9, si la qualit\u00e9 de vie des autres r\u00e9sidents ne sera pas alt\u00e9r\u00e9e par l\u2019accueil de cette nouvelle personne, si la personne, en fonction de sa pathologie pourra \u00eatre prise en charge de mani\u00e8re suffisamment s\u00e9curis\u00e9e.<\/p>\n","protected":false},"excerpt":{"rendered":"<p>Le Service est agr\u00e9\u00e9 pour une prise en charge en court-s\u00e9jour (365 jours d\u2019accueil au total pour l\u2019ensemble des nuits \u2018courts s\u00e9jours\u2019). Il s\u2019agit d\u2019une prise en charge de courte dur\u00e9e durant laquelle le service procure \u00e0 cette personne un &hellip; <a href=\"https:\/\/www.leshautesardennes.be\/sah\/hebergements\/en-institution\/clos-des-aubepines\/le-court-sejour\/\">Continuer la lecture <span class=\"meta-nav\">&rarr;<\/span><\/a><\/p>\n","protected":false},"author":4,"featured_media":87,"parent":51,"menu_order":0,"comment_status":"open","ping_status":"closed","template":"clos.php","meta":{"_acf_changed":false,"footnotes":""},"class_list":["post-56","page","type-page","status-publish","has-post-thumbnail","hentry"],"acf":[],"_links":{"self":[{"href":"https:\/\/www.leshautesardennes.be\/sah\/wp-json\/wp\/v2\/pages\/56","targetHints":{"allow":["GET"]}}],"collection":[{"href":"https:\/\/www.leshautesardennes.be\/sah\/wp-json\/wp\/v2\/pages"}],"about":[{"href":"https:\/\/www.leshautesardennes.be\/sah\/wp-json\/wp\/v2\/types\/page"}],"author":[{"embeddable":true,"href":"https:\/\/www.leshautesardennes.be\/sah\/wp-json\/wp\/v2\/users\/4"}],"replies":[{"embeddable":true,"href":"https:\/\/www.leshautesardennes.be\/sah\/wp-json\/wp\/v2\/comments?post=56"}],"version-history":[{"count":3,"href":"https:\/\/www.leshautesardennes.be\/sah\/wp-json\/wp\/v2\/pages\/56\/revisions"}],"predecessor-version":[{"id":182,"href":"https:\/\/www.leshautesardennes.be\/sah\/wp-json\/wp\/v2\/pages\/56\/revisions\/182"}],"up":[{"embeddable":true,"href":"https:\/\/www.leshautesardennes.be\/sah\/wp-json\/wp\/v2\/pages\/51"}],"wp:featuredmedia":[{"embeddable":true,"href":"https:\/\/www.leshautesardennes.be\/sah\/wp-json\/wp\/v2\/media\/87"}],"wp:attachment":[{"href":"https:\/\/www.leshautesardennes.be\/sah\/wp-json\/wp\/v2\/media?parent=56"}],"curies":[{"name":"wp","href":"https:\/\/api.w.org\/{rel}","templated":true}]}}

Le court séjour

<p>Le Service est agréé pour une prise en charge en court-séjour (365 jours d’accueil au total pour l’ensemble des nuits ‘courts séjours’). Il s’agit d’une prise en charge de courte durée durant laquelle le service procure à cette personne un accompagnement éducatif, psychologique, social adapté à ses besoins. Cette formule  permet aux familles de disposer d’un hébergement, afin de s’absenter, de souffler pendant quelques jours, ou encore quand des situations familiales particulières imposent soudainement un placement. Cependant chaque demande doit être analysée au préalable et faire l’objet d’un accord de notre organisation. En effet nous devons pour chaque demande examiner si une chambre est disponible, si nous serons en mesure d’accueillir la personne en lui offrant un encadrement de qualité, si la qualité de vie des autres résidents ne sera pas altérée par l’accueil de cette nouvelle personne, si la personne, en fonction de sa pathologie pourra être prise en charge de manière suffisamment sécurisée.</p>

<p>Le Service est agréé pour une prise en charge en court-séjour (365 jours d’accueil au total pour l’ensemble des nuits ‘courts séjours’). Il s’agit d’une prise en charge de courte durée durant laquelle le service procure à cette personne un &hellip; <a href="https://www.leshautesardennes.be/sah/hebergements/en-institution/clos-des-aubepines/le-court-sejour/">Continuer la lecture <span class="meta-nav">&rarr;</span></a></p>
