{"id":51,"date":"2011-10-20T15:44:20","date_gmt":"2011-10-20T13:44:20","guid":{"rendered":"http:\/\/www.leshautesardennes.be\/sah\/?page_id=51"},"modified":"2011-12-19T16:10:09","modified_gmt":"2011-12-19T14:10:09","slug":"clos-des-aubepines","status":"publish","type":"page","link":"https:\/\/www.leshautesardennes.be\/sah\/hebergements\/en-institution\/clos-des-aubepines\/","title":{"rendered":"Clos des Aub\u00e9pines"},"content":{"rendered":"<p>B\u00eache, en tant qu\u2019entit\u00e9 organisationnelle, et les membres qui y sont attach\u00e9s, ont pour projet de :<\/p>\n<ul>\n<li>Accompagner, dans leur quotidien, des personnes avec des d\u00e9pendances importantes, de mani\u00e8re sp\u00e9cifique et appropri\u00e9e, en veillant\n<ul>\n<li>\u00e0 ce qu\u2019elles se sentent bien,<\/li>\n<li>\u00e0 ce qu&rsquo;elles puissent s\u2019approprier leur h\u00e9bergement comme un \u00ab chez soi \u00bb,<\/li>\n<li>\u00e0 ce qu&rsquo;elles s&rsquo;y \u00e9panouissent en trouvant une r\u00e9ponse \u00e0 leur bien-\u00eatre tant physique que mental.<\/li>\n<\/ul>\n<\/li>\n<li>D&rsquo;amener ces personnes \u00e0 participer \u00e0 la vie locale et y \u00eatre acteur, en fonction de leurs possibilit\u00e9s, et ainsi\n<ul>\n<li>leur permettre de se percevoir comme des citoyens \u00e0 part enti\u00e8re,<\/li>\n<li>donner aux citoyens, \u00e0 la soci\u00e9t\u00e9 locale et autres, une vision plus juste des personnes accueillies et de l\u2019action du service.<\/li>\n<\/ul>\n<\/li>\n<li>De les accompagner les personnes accueillies jusque dans les situations les plus critiques, dans le respect des n\u00e9cessit\u00e9s et des limites de chacun, en ce compris les desideratas des familles.<\/li>\n<p><strong>Permettre aux familles de souffler et\/ou de s\u2019\u00e9panouir en \u00e9tant rassur\u00e9e sur le pr\u00e9sent et le futur de la personne, tout en pr\u00e9servant, au maximum et selon la volont\u00e9 de chacun, les liens familiaux.<\/strong><\/p>\n<p>Cet h\u00e9bergement est install\u00e9 \u00e0 l\u2019entr\u00e9e de B\u00eache, un petit village calme, o\u00f9 les personnes reviennent en fin de journ\u00e9e, apr\u00e8s leurs activit\u00e9s.<\/p>\n<p>L\u2019encadrement y est assur\u00e9 par une \u00e9quipe pluridisciplinaire.<\/p>\n<p>Du lundi au vendredi, de 9H \u00e0 16H30, la majorit\u00e9 des b\u00e9n\u00e9ficiaires int\u00e8gre la structure Activit\u00e9s de Jour situ\u00e9e \u00e0 Rencheux, des activit\u00e9s diverses leurs sont propos\u00e9es et sont encadr\u00e9es par des animateurs.  Par contre les personnes plus \u00e2g\u00e9es qui ont besoin d\u2019un rythme de vie adapt\u00e9 (r\u00e9veil tardif, sieste, \u2026) et de soins sp\u00e9cifiques, restent la journ\u00e9e au Clos des Aub\u00e9pines. Un encadrement de jour appropri\u00e9 (projet \u2018groupe confort\u2019) a \u00e9t\u00e9 cr\u00e9\u00e9 et reste par cons\u00e9quent bas\u00e9 au Clos des Aub\u00e9pines.<\/p>\n<p>Quant aux week-ends et jours f\u00e9ri\u00e9s, les b\u00e9n\u00e9ficiaires ne retournant pas en famille, participent \u00e0 des activit\u00e9s de d\u00e9tente et de socialisation, en fonction des demandes exprim\u00e9es et des possibilit\u00e9s du moment (balades, kermesse, f\u00eates populaires, \u2026).<\/p>\n<p>Le travail de l\u2019\u00e9quipe consiste \u00e0 accomplir les t\u00e2ches quotidiennes qu\u2019engendre une vie de famille \u00ab ordinaire \u00bb, \u00e0 encadrer les personnes individuellement dans leurs besoins et demandes, et \u00e0 g\u00e9rer la vie en collectivit\u00e9. Concr\u00e8tement, ils accompagnent les personnes pour leur hygi\u00e8ne et les soins, lors des repas, pour des activit\u00e9s li\u00e9es \u00e0 la vie domestique, pour r\u00e9pondre aux demandes de chacun (faire des courses, am\u00e9nager la chambre, g\u00e9rer le linge,\u2026), pour les rendez-vous (coiffeur, p\u00e9dicure, \u2026). Ils ont \u00e9galement le souci de favoriser une saine et conviviale dynamique dans le groupe de vie.<\/p>\n<p>Pour chaque b\u00e9n\u00e9ficiaire, un projet p\u00e9dagogique individuel est \u00e9labor\u00e9 afin d\u2019adapter notre encadrement et nos activit\u00e9s \u00e0 leurs besoins et leurs aspirations.<\/ul>\n","protected":false},"excerpt":{"rendered":"<p>B\u00eache, en tant qu\u2019entit\u00e9 organisationnelle, et les membres qui y sont attach\u00e9s, ont pour projet de : Accompagner, dans leur quotidien, des personnes avec des d\u00e9pendances importantes, de mani\u00e8re sp\u00e9cifique et appropri\u00e9e, en veillant \u00e0 ce qu\u2019elles se sentent bien, &hellip; <a href=\"https:\/\/www.leshautesardennes.be\/sah\/hebergements\/en-institution\/clos-des-aubepines\/\">Continuer la lecture <span class=\"meta-nav\">&rarr;<\/span><\/a><\/p>\n","protected":false},"author":4,"featured_media":87,"parent":124,"menu_order":0,"comment_status":"open","ping_status":"open","template":"clos.php","meta":{"_acf_changed":false,"footnotes":""},"class_list":["post-51","page","type-page","status-publish","has-post-thumbnail","hentry"],"acf":[],"_links":{"self":[{"href":"https:\/\/www.leshautesardennes.be\/sah\/wp-json\/wp\/v2\/pages\/51","targetHints":{"allow":["GET"]}}],"collection":[{"href":"https:\/\/www.leshautesardennes.be\/sah\/wp-json\/wp\/v2\/pages"}],"about":[{"href":"https:\/\/www.leshautesardennes.be\/sah\/wp-json\/wp\/v2\/types\/page"}],"author":[{"embeddable":true,"href":"https:\/\/www.leshautesardennes.be\/sah\/wp-json\/wp\/v2\/users\/4"}],"replies":[{"embeddable":true,"href":"https:\/\/www.leshautesardennes.be\/sah\/wp-json\/wp\/v2\/comments?post=51"}],"version-history":[{"count":13,"href":"https:\/\/www.leshautesardennes.be\/sah\/wp-json\/wp\/v2\/pages\/51\/revisions"}],"predecessor-version":[{"id":198,"href":"https:\/\/www.leshautesardennes.be\/sah\/wp-json\/wp\/v2\/pages\/51\/revisions\/198"}],"up":[{"embeddable":true,"href":"https:\/\/www.leshautesardennes.be\/sah\/wp-json\/wp\/v2\/pages\/124"}],"wp:featuredmedia":[{"embeddable":true,"href":"https:\/\/www.leshautesardennes.be\/sah\/wp-json\/wp\/v2\/media\/87"}],"wp:attachment":[{"href":"https:\/\/www.leshautesardennes.be\/sah\/wp-json\/wp\/v2\/media?parent=51"}],"curies":[{"name":"wp","href":"https:\/\/api.w.org\/{rel}","templated":true}]}}

Clos des Aubépines

<p>Bêche, en tant qu’entité organisationnelle, et les membres qui y sont attachés, ont pour projet de :</p>
<ul>
<li>Accompagner, dans leur quotidien, des personnes avec des dépendances importantes, de manière spécifique et appropriée, en veillant
<ul>
<li>à ce qu’elles se sentent bien,</li>
<li>à ce qu&rsquo;elles puissent s’approprier leur hébergement comme un « chez soi »,</li>
<li>à ce qu&rsquo;elles s&rsquo;y épanouissent en trouvant une réponse à leur bien-être tant physique que mental.</li>
</ul>
</li>
<li>D&rsquo;amener ces personnes à participer à la vie locale et y être acteur, en fonction de leurs possibilités, et ainsi
<ul>
<li>leur permettre de se percevoir comme des citoyens à part entière,</li>
<li>donner aux citoyens, à la société locale et autres, une vision plus juste des personnes accueillies et de l’action du service.</li>
</ul>
</li>
<li>De les accompagner les personnes accueillies jusque dans les situations les plus critiques, dans le respect des nécessités et des limites de chacun, en ce compris les desideratas des familles.</li>
<p><strong>Permettre aux familles de souffler et/ou de s’épanouir en étant rassurée sur le présent et le futur de la personne, tout en préservant, au maximum et selon la volonté de chacun, les liens familiaux.</strong></p>
<p>Cet hébergement est installé à l’entrée de Bêche, un petit village calme, où les personnes reviennent en fin de journée, après leurs activités.</p>
<p>L’encadrement y est assuré par une équipe pluridisciplinaire.</p>
<p>Du lundi au vendredi, de 9H à 16H30, la majorité des bénéficiaires intègre la structure Activités de Jour située à Rencheux, des activités diverses leurs sont proposées et sont encadrées par des animateurs.  Par contre les personnes plus âgées qui ont besoin d’un rythme de vie adapté (réveil tardif, sieste, …) et de soins spécifiques, restent la journée au Clos des Aubépines. Un encadrement de jour approprié (projet ‘groupe confort’) a été créé et reste par conséquent basé au Clos des Aubépines.</p>
<p>Quant aux week-ends et jours fériés, les bénéficiaires ne retournant pas en famille, participent à des activités de détente et de socialisation, en fonction des demandes exprimées et des possibilités du moment (balades, kermesse, fêtes populaires, …).</p>
<p>Le travail de l’équipe consiste à accomplir les tâches quotidiennes qu’engendre une vie de famille « ordinaire », à encadrer les personnes individuellement dans leurs besoins et demandes, et à gérer la vie en collectivité. Concrètement, ils accompagnent les personnes pour leur hygiène et les soins, lors des repas, pour des activités liées à la vie domestique, pour répondre aux demandes de chacun (faire des courses, aménager la chambre, gérer le linge,…), pour les rendez-vous (coiffeur, pédicure, …). Ils ont également le souci de favoriser une saine et conviviale dynamique dans le groupe de vie.</p>
<p>Pour chaque bénéficiaire, un projet pédagogique individuel est élaboré afin d’adapter notre encadrement et nos activités à leurs besoins et leurs aspirations.</ul>

<p>Bêche, en tant qu’entité organisationnelle, et les membres qui y sont attachés, ont pour projet de : Accompagner, dans leur quotidien, des personnes avec des dépendances importantes, de manière spécifique et appropriée, en veillant à ce qu’elles se sentent bien, &hellip; <a href="https://www.leshautesardennes.be/sah/hebergements/en-institution/clos-des-aubepines/">Continuer la lecture <span class="meta-nav">&rarr;</span></a></p>
