{"id":247,"date":"2012-03-23T15:08:34","date_gmt":"2012-03-23T13:08:34","guid":{"rendered":"http:\/\/www.leshautesardennes.be\/sah\/?page_id=247"},"modified":"2012-03-23T15:26:13","modified_gmt":"2012-03-23T13:26:13","slug":"mentions-legales","status":"publish","type":"page","link":"https:\/\/www.leshautesardennes.be\/sah\/mentions-legales\/","title":{"rendered":"Mentions L\u00e9gales"},"content":{"rendered":"<h2>L&rsquo;ASBL Les Hautes Ardennes :<\/h2>\n<p><strong>Service d&rsquo;Accueil et H\u00e9bergements<\/strong><\/p>\n<p>Service R\u00e9sidentiel de Nuits \u00a0\u00bb Foyer La Hesse \u00a0\u00bb<\/p>\n<p>Service R\u00e9sidentiel \u00a0\u00bb Foyer La Hesse \u00a0\u00bb<\/p>\n<p>Service R\u00e9sidentiel \u00a0\u00bb Le Clos des Aub\u00e9pines \u00a0\u00bb<\/p>\n<p>Service d&rsquo;Accueil de Jour \u00a0\u00bb Les Hautes Ardennes \u00a0\u00bb<\/p>\n<p>Service R\u00e9sidentiel de Transition \u00a0\u00bb Foyer La Hesse \u00a0\u00bb<\/p>\n<p><strong>Agr\u00e9\u00e9s par l&rsquo;agence wallonne pour l&rsquo;int\u00e9gration des personnes handicap\u00e9es sous les n\u00b0 MAH214     MAH215     MAH219     MAH220     MAH373<\/strong><\/p>\n<p><strong>Si\u00e8ge social :<\/strong> Place des Chasseurs Ardennais 30, 6690 Vielsalm<\/p>\n<p><strong>T\u00e9l :<\/strong> 0032 80 29 27 85     <strong>Fax : <\/strong>0032 80 28 11 50<\/p>\n<p><strong>GPS : <\/strong>N 50\u00b017&rsquo;20.37&Prime; E 5\u00b054&rsquo;06.11&Prime;<\/p>\n<p><strong>N\u00b0 Entreprise :<\/strong> BE0407574994<\/p>\n<p><strong>RPM :<\/strong> MARCHE-EN-FAMENNE<\/p>\n<p>&nbsp;<\/p>\n","protected":false},"excerpt":{"rendered":"<p>L&rsquo;ASBL Les Hautes Ardennes : Service d&rsquo;Accueil et H\u00e9bergements Service R\u00e9sidentiel de Nuits \u00a0\u00bb Foyer La Hesse \u00a0\u00bb Service R\u00e9sidentiel \u00a0\u00bb Foyer La Hesse \u00a0\u00bb Service R\u00e9sidentiel \u00a0\u00bb Le Clos des Aub\u00e9pines \u00a0\u00bb Service d&rsquo;Accueil de Jour \u00a0\u00bb Les Hautes &hellip; <a href=\"https:\/\/www.leshautesardennes.be\/sah\/mentions-legales\/\">Continuer la lecture <span class=\"meta-nav\">&rarr;<\/span><\/a><\/p>\n","protected":false},"author":4,"featured_media":0,"parent":0,"menu_order":0,"comment_status":"closed","ping_status":"open","template":"","meta":{"_acf_changed":false,"footnotes":""},"class_list":["post-247","page","type-page","status-publish","hentry"],"acf":[],"_links":{"self":[{"href":"https:\/\/www.leshautesardennes.be\/sah\/wp-json\/wp\/v2\/pages\/247","targetHints":{"allow":["GET"]}}],"collection":[{"href":"https:\/\/www.leshautesardennes.be\/sah\/wp-json\/wp\/v2\/pages"}],"about":[{"href":"https:\/\/www.leshautesardennes.be\/sah\/wp-json\/wp\/v2\/types\/page"}],"author":[{"embeddable":true,"href":"https:\/\/www.leshautesardennes.be\/sah\/wp-json\/wp\/v2\/users\/4"}],"replies":[{"embeddable":true,"href":"https:\/\/www.leshautesardennes.be\/sah\/wp-json\/wp\/v2\/comments?post=247"}],"version-history":[{"count":4,"href":"https:\/\/www.leshautesardennes.be\/sah\/wp-json\/wp\/v2\/pages\/247\/revisions"}],"predecessor-version":[{"id":252,"href":"https:\/\/www.leshautesardennes.be\/sah\/wp-json\/wp\/v2\/pages\/247\/revisions\/252"}],"wp:attachment":[{"href":"https:\/\/www.leshautesardennes.be\/sah\/wp-json\/wp\/v2\/media?parent=247"}],"curies":[{"name":"wp","href":"https:\/\/api.w.org\/{rel}","templated":true}]}}

Mentions Légales

<h2>L&rsquo;ASBL Les Hautes Ardennes :</h2>
<p><strong>Service d&rsquo;Accueil et Hébergements</strong></p>
<p>Service Résidentiel de Nuits  » Foyer La Hesse  »</p>
<p>Service Résidentiel  » Foyer La Hesse  »</p>
<p>Service Résidentiel  » Le Clos des Aubépines  »</p>
<p>Service d&rsquo;Accueil de Jour  » Les Hautes Ardennes  »</p>
<p>Service Résidentiel de Transition  » Foyer La Hesse  »</p>
<p><strong>Agréés par l&rsquo;agence wallonne pour l&rsquo;intégration des personnes handicapées sous les n° MAH214     MAH215     MAH219     MAH220     MAH373</strong></p>
<p><strong>Siège social :</strong> Place des Chasseurs Ardennais 30, 6690 Vielsalm</p>
<p><strong>Tél :</strong> 0032 80 29 27 85     <strong>Fax : </strong>0032 80 28 11 50</p>
<p><strong>GPS : </strong>N 50°17&rsquo;20.37&Prime; E 5°54&rsquo;06.11&Prime;</p>
<p><strong>N° Entreprise :</strong> BE0407574994</p>
<p><strong>RPM :</strong> MARCHE-EN-FAMENNE</p>
<p>&nbsp;</p>

<p>L&rsquo;ASBL Les Hautes Ardennes : Service d&rsquo;Accueil et Hébergements Service Résidentiel de Nuits  » Foyer La Hesse  » Service Résidentiel  » Foyer La Hesse  » Service Résidentiel  » Le Clos des Aubépines  » Service d&rsquo;Accueil de Jour  » Les Hautes &hellip; <a href="https://www.leshautesardennes.be/sah/mentions-legales/">Continuer la lecture <span class="meta-nav">&rarr;</span></a></p>
